, -13 = -3*r + 2*f. What is the remainder when r*2 - 0/(-7) is divided by 1?
0
Let f(n) = n**3 + 4*n**2 - 3*n - 1. Let z(g) be the first derivative of g**4/4 - g**3 + 5*g**2/2 - 5*g + 2. What is the remainder when z(4) is divided by f(-4)?
9
Let c(q) = 3*q**2 - q. Suppose 0 + 8 = -4*j. What is the remainder when c(j) is divided by 8?
6
Let x(j) = -j + j - 8 + 4*j - j. Suppose -y + 7 = -0*y. What is the remainder when x(9) is divided by y?
5
Let z(p) = 14*p**2 - 2*p. What is the remainder when z(1) is divided by 4?
0
Let w = 0 + 3. Suppose w*t - 73 = 23. What is the remainder when 126 is divided by t?
30
Let k = -47 - -85. What is the remainder when 149 is divided by k?
35
Let i = -23 - -38. Calculate the remainder when 26 is divided by i.
11
What is the remainder when 39 is divided by 2*(-50)/(-16) + 48/64?
4
Let c = -214 - -320. Suppose 3*o - 78 = -3*w, -o + c = 3*w + 20. What is the remainder when w/4 + 6/(-12) is divided by 4?
3
Suppose -13*g + 180 = -4*g. Calculate the remainder when g is divided by 15.
5
What is the remainder when 2/((-4)/(-438)*3) is divided by 25?
23
Let l(x) = x**2 - 6*x + 7. What is the remainder when 4/(-24) - (-206)/12 is divided by l(6)?
3
Let x = -37 + 59. Calculate the remainder when x is divided by 6.
4
Let a = 5 - 3. Suppose 0 = -5*t - 2*p + 38, 6*p - 32 = -2*t + p. What is the remainder when t is divided by a?
0
Let d be 1/3 - (-28)/6. Suppose 5*l - 240 = -5*i, -3*l + 0*l + 144 = d*i. Calculate the remainder when 5/(-2)*l/(-20) is divided by 4.
2
Suppose 0*j - g + 42 = j, -3*j + 134 = g. What is the remainder when j is divided by 10?
6
Suppose -10*j + 7 = -23. What is the remainder when 7 is divided by j?
1
Suppose -s + 11 = 27. Let a = s - -36. Suppose 0 + 77 = 7*n. Calculate the remainder when a is divided by n.
9
Let i = 41 + -16. What is the remainder when i is divided by 1/3*(-6 + 25 + 2)?
4
Let v(f) = -f**3 - 4*f**2 + 4*f - 2. Let n be v(-5). Suppose -2 = n*k - 26. Calculate the remainder when 13 is divided by k.
5
Suppose -y = -0*p + 2*p - 10, -5*y + 22 = 3*p. Suppose -y*u + 3*a + 0 = -81, 3*u - 114 = -3*a. Calculate the remainder when u is divided by 20.
19
Let r = 11 + -3. What is the remainder when r is divided by 6?
2
Let d(t) be the second derivative of -t**5/20 - 5*t**4/12 + 3*t**3/2 + t**2/2 + 6*t. Calculate the remainder when d(-7) is divided by 10.
6
Suppose 3*x - 2*x - 4 = 0. Let y(w) = w - 2. What is the remainder when (1 + -4 + 1)*-1 is divided by y(x)?
0
Let d(a) = -a + 10. What is the remainder when 9 is divided by d(6)?
1
Let n = -1 - 1. Let v = n - -7. What is the remainder when -2*v/((-15)/12) is divided by 3?
2
Suppose -20 = -4*i - 4. Let m(w) = -10 + 2 + i*w - 2*w. Calculate the remainder when 6 is divided by m(6).
2
Suppose 4*h - 15 = h. Suppose -3*o = -38 + 5. Let k = o - h. Calculate the remainder when 11 is divided by k.
5
Suppose y - 3*g = -0*y + 91, -5*g + 555 = 5*y. Let a = 164 - y. What is the remainder when a is divided by 12?
10
Suppose -4*f + 9 = 3*m, -m - 2*m = -f + 21. What is the remainder when 39 is divided by f?
3
Suppose -b = b - 20. Let n(v) = 14*v + 18. Let p(l) = -7*l - 9. Let m(a) = 2*n(a) + 5*p(a). Calculate the remainder when m(-4) is divided by b.
9
Let c = 8 - 17. Let m = 11 + c. Suppose 2*r = 2*b + m*b - 54, -42 = -3*b + r. What is the remainder when 44 is divided by b?
14
What is the remainder when 81 is divided by 21*3*8/36?
11
Let a(o) = 7*o + 5. Calculate the remainder when a(4) is divided by 17.
16
What is the remainder when 41 is divided by (-22*(-4 - -2))/2?
19
Suppose 0*q + 1 = q, 2*l - 5*q = 53. Let a = -21 + 36. Calculate the remainder when l is divided by a.
14
Calculate the remainder when (-673)/(-11) - 4/22 is divided by 22.
17
Let q = 33 + -8. Let a(b) = -b**3 + 7*b**2 + b + 1. Let z be a(6). Let y = z + -30. What is the remainder when q is divided by y?
12
Let v(w) = -w**2 + 5*w - 4. Let t be v(4). Suppose t = 2*g - 4 - 2. Calculate the remainder when g is divided by 2.
1
Let k(f) = -2*f - 4. Suppose -2*m = 3*m + 35. Calculate the remainder when 29 is divided by k(m).
9
Let l = 84 - 35. What is the remainder when 97 is divided by l?
48
Let o = -12 - -14. Suppose -5*b + 5 = -0*b + 4*h, 4*b - 3*h - 35 = 0. Suppose 3*f = 1 + b. Calculate the remainder when o is divided by f.
0
Let g be (-1 + 2)*5*5. Let i = g + -3. Calculate the remainder when i is divided by 8.
6
Let l = -21 - -59. Calculate the remainder when l is divided by 10.
8
Let b = -99 - -144. Suppose 9*i + 96 = 15*i. Calculate the remainder when b is divided by i.
13
Let p(w) = 5*w. Let i be p(1). Suppose -b + i*o - 20 = -2*b, 0 = 3*b + o - 46. Calculate the remainder when 44 is divided by b.
14
Suppose -3*t = q - 31, 5*q + 77 = -t + 288. Calculate the remainder when q is divided by 16.
11
Suppose 22 = v + 3*h, 3*v - 12 = 2*h + 10. What is the remainder when 49 is divided by v?
9
Suppose -3*w + 6*w - 18 = 0. Calculate the remainder when 54 is divided by (-202)/(-14) + w/(-14).
12
Calculate the remainder when ((-92)/(-4))/1 - 0 is divided by 13.
10
Let j(y) be the third derivative of -y**4/8 - 7*y**3/6 + 2*y**2. Calculate the remainder when j(-7) is divided by 3.
2
Let x(j) = -6*j**2 - j. Let m be x(-1). Let w(h) = -h**2 - 7*h + 12. Calculate the remainder when 85 is divided by w(m).
19
Let l = 148 + -97. What is the remainder when l is divided by 27?
24
Suppose u + 5*z - 12 = -0, -47 = -3*u - 4*z. Suppose -2*y = -t - 3*t + 20, 4*y - 25 = -5*t. What is the remainder when u is divided by -6 + 4 + y + 7?
2
Suppose 23 = 4*v - 9. Suppose v = 5*g + 3*a, -g + 18 = -2*a + 6. Suppose -g*r - 5*i = -3 + 12, -2*i - 14 = -r. Calculate the remainder when 6 is divided by r.
2
What is the remainder when (1/3)/(16/1200) is divided by 16?
9
What is the remainder when (-4)/(-26) - 2*1604/(-104) is divided by 11?
9
Let i be (-6)/(-4)*(-4)/3. Let x be i/6*(2 + -11). What is the remainder when 27 is divided by 6/(-9)*x*-7?
13
Let m = -27 + 39. Calculate the remainder when 46 is divided by m.
10
Suppose 20 = -6*d + 2*d, 2*o - 3*d = 5. Let l = o - -10. Suppose -2*w = -l*w + 18. What is the remainder when 10 is divided by w?
4
Suppose 0*a - 4*a = -104. Let b = 5 + 2. Suppose 0 = 4*r - 21 - b. What is the remainder when a is divided by r?
5
Let w = 7 + 26. Let l(k) = -3*k - 3. Calculate the remainder when w is divided by l(-4).
6
Let n be 6/(-9) - (-4)/6. Suppose n = -b + 5*i + 17, i + 9 = b - 0*i. Calculate the remainder when b is divided by 4.
3
Suppose -3*h + 8*z + 10 = 3*z, 2*h + 3*z = -6. Suppose r - 10 - 43 = h. Suppose -d = 4*l - 6, 3*d + 7*l - 2*l = r. What is the remainder when d is divided by 9?
8
Let g be (2 + (-4)/3)*-3. Let o = -7 + g. Let z(u) = -u**2 - 10*u - 2. What is the remainder when z(o) is divided by 5?
2
Let m(v) = v - 2. Suppose 0 = -9*o + 4*o + 20. Suppose 5 = -3*w + o*u - 0, 2*u = 4*w - 10. Calculate the remainder when 7 is divided by m(w).
1
Let m(j) = j**2 - 5*j. Let p be m(-4). Let l be p + ((-1)/1)/1. Let q = -25 + l. What is the remainder when 29 is divided by q?
9
What is the remainder when (12/(-9))/((-12)/414) is divided by 10?
6
Calculate the remainder when 50 is divided by 1 + 0 + (-41 - -54).
8
Suppose l = -4*s + 12, -s + 5*l = -6*s + 30. Calculate the remainder when 2 is divided by s.
0
Suppose -j + 5*j = -t + 142, -2*t - 112 = -3*j. Let q = j - 21. Calculate the remainder when 44 is divided by q.
14
Let l(f) = -f + 0*f - 3*f. Let v(u) = -7*u. What is the remainder when v(-2) is divided by l(-1)?
2
Suppose -1 = -5*j + 64. Let z be -68 + 1 + -1 - 2. Let m = -46 - z. What is the remainder when m is divided by j?
11
Let d = 14 - 10. Let w = -3 + 5. Suppose -10 = -w*k + l, -l + 4 = -2*l. What is the remainder when d is divided by k?
1
Suppose -109 = -4*p - 13. Calculate the remainder when -2 + ((-2)/(-2) - -48) is divided by p.
23
Let z(x) = 7*x + 53. What is the remainder when 50 is divided by z(-6)?
6
Suppose 2*c - 4 = -0*c. Suppose 0 = -c*y - y + 78. Calculate the remainder when y is divided by 14.
12
Let m be ((-4)/3)/(2/(-6)). Suppose -h = 9*h + 210. Calculate the remainder when h*m/(-3) - -2 is divided by 8.
6
Let o(v) = 7*v - 19. What is the remainder when 93 is divided by o(5)?
13
Let i(u) = 4*u**2 + u**3 - 7 - 4*u**2 + 2*u - 5*u + 8*u**2. Calculate the remainder whe